?
True
Is 3259 composite?
False
Is 446353 prime?
True
Is 23957 prime?
True
Is 572041 prime?
True
Is 137726 prime?
False
Is 2099 prime?
True
Is 11366 a composite number?
True
Is 5992691 a prime number?
True
Is 133357 composite?
True
Is 4931 a composite number?
False
Is 78953 a composite number?
True
Is 75431 a composite number?
False
Is 4903 a composite number?
False
Is 57899 a prime number?
True
Is 1045147 a composite number?
True
Is 341681 a prime number?
True
Is 203563 composite?
False
Is 1103 a composite number?
False
Is 63523 a composite number?
True
Is 1679 composite?
True
Is 2500129 prime?
False
Is 10981 prime?
False
Is 1379 a prime number?
False
Is 237 a composite number?
True
Is 92507 prime?
True
Is 40747 prime?
False
Is 147263 a prime number?
True
Is 94079 a composite number?
False
Is 21993 a prime number?
False
Is 232627 a prime number?
False
Is 18353 prime?
True
Is 150299 a composite number?
False
Is 787 prime?
True
Is 622987 prime?
True
Is 641633 prime?
True
Is 128107 prime?
False
Is 118639 prime?
False
Is 8059 prime?
True
Is 201653 prime?
True
Is 21719 a composite number?
True
Is 56701 a prime number?
True
Is 53501 composite?
True
Is 51079 a composite number?
True
Is 44071 a prime number?
True
Is 204887 a composite number?
False
Is 24391 a prime number?
True
Is 70583 composite?
False
Is 87383 composite?
False
Is 17621 a composite number?
True
Is 4705 prime?
False
Is 70513 composite?
True
Is 1657 a composite number?
False
Is 292517 a composite number?
False
Is 5969 a prime number?
False
Is 1732345 a prime number?
False
Is 21001 a prime number?
True
Is 11819 prime?
False
Is 596507 composite?
False
Is 493643 a prime number?
True
Is 2395 composite?
True
Is 3389 prime?
True
Is 777541 composite?
False
Is 125546 prime?
False
Is 66085 a prime number?
False
Is 60859 prime?
True
Is 6761 prime?
True
Is 165739 a composite number?
True
Is 10529 a prime number?
True
Is 100189 prime?
True
Is 29549 a prime number?
False
Is 73517 composite?
False
Is 5911 composite?
True
Is 544223 a prime number?
True
Is 919 composite?
False
Is 1183057 a composite number?
False
Is 17621 prime?
False
Is 7039 a composite number?
False
Is 16301 prime?
True
Is 14351 a composite number?
True
Is 298487 a composite number?
True
Is 1609889 a prime number?
False
Is 592409 composite?
True
Is 24949 composite?
True
Is 172717 a prime number?
True
Is 1772923 prime?
True
Is 70255 a composite number?
True
Is 1841633 composite?
True
Is 152517 composite?
True
Is 113219 prime?
False
Is 28369 prime?
False
Is 102493 composite?
True
Is 6274261 a prime number?
False
Is 544877 prime?
True
Is 124979 composite?
False
Is 364094 prime?
False
Is 935599 composite?
True
Is 6317 prime?
True
Is 432227 a composite number?
False
Is 23459 prime?
True
Is 191963 composite?
True
Is 3761 a composite number?
False
Is 52703 a composite number?
True
Is 91906 composite?
True
Is 6437 composite?
True
Is 152566 a composite number?
True
Is 1257 a prime number?
False
Is 9739 a composite number?
False
Is 2099 a composite number?
False
Is 54709 composite?
False
Is 332047 a composite number?
True
Is 5489 a prime number?
False
Is 22793 a prime number?
False
Is 67097 composite?
True
Is 149335 composite?
True
Is 465463 a prime number?
True
Is 5440445 a prime number?
False
Is 43093 a prime number?
True
Is 40031 prime?
True
Is 35491 a composite number?
False
Is 103457 a prime number?
True
Is 9091 a composite number?
False
Is 59911 a prime number?
False
Is 4105 composite?
True
Is 4267 a prime number?
False
Is 6563 a prime number?
True
Is 4411 a composite number?
True
Is 42879 a composite number?
True
Is 70429 a composite number?
False
Is 53699 prime?
True
Is 127399 prime?
True
Is 2434549 composite?
True
Is 37733 a prime number?
False
Is 24197 composite?
False
Is 7433 composite?
False
Is 23713 a prime number?
False
Is 46021 composite?
False
Is 1753 a prime number?
True
Is 169769 composite?
False
Is 62701 prime?
True
Is 1651 prime?
False
Is 773671 prime?
False
Is 660299 prime?
True
Is 82387 a prime number?
True
Is 94229 a composite number?
False
Is 483293 a prime number?
False
Is 891707 a composite number?
False
Is 4267 prime?
False
Is 31238 prime?
False
Is 369953 a prime number?
False
Is 303607 a composite number?
True
Is 676279 prime?
True
Is 450682 composite?
True
Is 1381 a prime number?
True
Is 227011 a composite number?
False
Is 144623 prime?
False
Is 549907 a prime number?
False
Is 2819 a prime number?
True
Is 11267 prime?
False
Is 1402 a prime number?
False
Is 449 prime?
True
Is 93017 prime?
False
Is 10727 prime?
False
Is 104471 a prime number?
True
Is 335 a composite number?
True
Is 1135997 composite?
False
Is 32411 a composite number?
False
Is 10583 a composite number?
True
Is 284638 composite?
True
Is 491 a prime number?
True
Is 31379 composite?
False
Is 9391 prime?
True
Is 7081 composite?
True
Is 101617 composite?
True
Is 4703 composite?
False
Is 904019 a prime number?
True
Is 43391 a composite number?
False
Is 22229 a prime number?
True
Is 1163183 a composite number?
True
Is 1214457 a composite number?
True
Is 549121 a prime number?
True
Is 160471 composite?
True
Is 74941 a prime number?
True
Is 5209 prime?
True
Is 3374977 a prime number?
False
Is 3409 prime?
False
Is 707533 prime?
False
Is 15493 prime?
True
Is 5483 prime?
True
Is 56417 a prime number?
True
Is 113759 prime?
True
Is 251 a composite number?
False
Is 2872397 prime?
False
Is 9179 a composite number?
True
Is 7829 a composite number?
False
Is 1276919 a composite number?
True
Is 735289 composite?
True
Is 462529 composite?
False
Is 488687 a composite number?
False
Is 10883 composite?
False
Is 100271 a prime number?
True
Is 115093 a composite number?
True
Is 8147 a prime number?
True
Is 1035269 prime?
False
Is 22547 a prime number?
False
Is 927217 composite?
True
Is 349753 a prime number?
True
Is 5039 prime?
True
Is 499021 a composite number?
False
Is 308307 a prime number?
False
Is 1347413 composite?
False
Is 193243 prime?
True
Is 127741 prime?
False
Is 90847 a prime number?
True
Is 21667 composite?
True
Is 50433 a prime number?
False
Is 67033 a prime number?
True
Is 19063 composite?
True
Is 16183 a prime number?
True
Is 3481 prime?
False
Is 375263 a composite number?
True
Is 4265 composite?
True
Is 5779 a prime number?
True
Is 1394749 a composite number?
False
Is 2612789 a prime number?
True
Is 42037 composite?
True
Is 968095 a composite number?
True
Is 140633 a prime number?
False
Is 4361087 prime?
True
Is 831297 prime?
False
Is 33149 prime?
True
Is 33833 prime?
False
Is 33727 prime?
False
Is 19531 a composite number?
False
Is 16621 a composite number?
True
Is 371 a composite number?
True
Is 96553 a prime number?
True
Is 698381 prime?
False
Is 87767 prime?
True
Is 246151 composite?
False
Is 113497 prime?
True
Is 6779 prime?
True
Is 111821 a composite number?
False
Is 39309 prime?
False
Is 49055 a prime number?
False
Is 26947 a prime number?
True
Is 1411127 a composite number?
False
Is 39439 composite?
False
Is 4303 a composite number?
True
Is 499903 composite?
False
Is 3107 a composite number?
True
Is 52406 prime?
False
Is 530167 a composite number?
True
Is 214417 a prime number?
False
Is 61127 a prime number?
False
Is 6449 composite?
False
Is 9943 a prime number?
False
Is 260441 a composite number?
False
Is 1300907 composite?
False
Is 8781 composite?
True
Is 250169 a composite number?
False
Is 73907 a composite number?
False
Is 10529 a composite number?
False
Is 3847 composite?
False
Is 191339 a prime number?
True
Is 8527 a composite number?
False
Is 194647 composite?
False
Is 58291 a prime number?
False
Is 8443 composite?
False
Is 18353 composite?
False
Is 607301 a composite number?
False
Is 39667 a prime number?
True
Is 205963 a prime number?
True
Is 213481 composite?
False
Is 28639 prime?
False
Is 48731 composite?
False
Is 612602 a prime number?
False
Is 164789 prime?
True
Is 261971 a composite number?
False
Is 1985 composite?
True
Is 15389 a prime number?
False
Is 8923 a composite number?
False
Is 239147 a composite number?
False
Is 6267 prime?
False
Is 1170299 a prime number?
False
Is 10221 a composite number?
True
Is 19657 a prime number?
False
Is 3109 prime?
True
Is 451 a prime number?
False
Is 121367 a prime number?
True
Is 53473 prime?
